{"id":31,"date":"2020-06-27T12:39:07","date_gmt":"2020-06-27T12:39:07","guid":{"rendered":"http:\/\/psychotherapie-steinkopf.de\/?page_id=31"},"modified":"2020-06-29T19:52:15","modified_gmt":"2020-06-29T19:52:15","slug":"zur-person","status":"publish","type":"page","link":"https:\/\/psychotherapie-steinkopf.de\/?page_id=31","title":{"rendered":"Zur Person"},"content":{"rendered":"\n<div class=\"wp-block-image\"><figure class=\"aligncenter size-large is-resized\"><img decoding=\"async\" loading=\"lazy\" src=\"http:\/\/psychotherapie-steinkopf.de\/wp-content\/uploads\/2020\/06\/julius.bmp\" alt=\"\" class=\"wp-image-194\" width=\"351\" height=\"437\" srcset=\"https:\/\/psychotherapie-steinkopf.de\/wp-content\/uploads\/2020\/06\/julius.bmp 554w, https:\/\/psychotherapie-steinkopf.de\/wp-content\/uploads\/2020\/06\/julius-241x300.jpg 241w, https:\/\/psychotherapie-steinkopf.de\/wp-content\/uploads\/2020\/06\/julius-48x60.jpg 48w\" sizes=\"(max-width: 351px) 100vw, 351px\" \/><\/figure><\/div>\n\n\n\n<h4 class=\"collapseomatic \" id=\"id69f09fa76b89a\"  tabindex=\"0\" title=\"Was mir in der Arbeit als Psychotherapeut wichtig ist: \"    >Was mir in der Arbeit als Psychotherapeut wichtig ist: <\/h4><div id=\"target-id69f09fa76b89a\" class=\"collapseomatic_content \">\n<p>Ein wichtiger Bestandteil meiner Arbeit ist die Anwendung psychotherapeutischen Methoder, die in entsprechenden Studien als wissenschaftlich wirksam eingestuft worden sind.  Daneben ist es mir wichtig, in meiner Praxis einen Raum zu bieten, in dem Sie sich \u00f6ffnen k\u00f6nnen und das Gef\u00fchl haben verstanden zu werden. Gegenseitige Transparenz, Vertrauen, Wertsch\u00e4tzung und das Arbeiten auf Augenh\u00f6he sind f\u00fcr mich ebenfalls wichtig f\u00fcr die gemeinsame Zusammenarbeit. <\/div>\n\n\n\n<h4 class=\"collapseomatic \" id=\"id69f09fa76b8b9\"  tabindex=\"0\" title=\"Lebenslauf\"    >Lebenslauf<\/h4><div id=\"target-id69f09fa76b8b9\" class=\"collapseomatic_content \">\n<p> <strong>10\/2018-06\/2020:<\/strong> Angestellter Psychotherapeut im Diakonieklinikum Rotenburg auf einer DBT-angelehnten Station<br><strong>\n10\/2018: &nbsp;&nbsp;&nbsp;&nbsp;&nbsp;&nbsp;&nbsp;&nbsp;&nbsp;&nbsp;&nbsp;&nbsp;&nbsp;&nbsp;&nbsp;&nbsp;<\/strong> Erhalt der Approbation als psychologischer Psychotherapeut, Fachrichtung Verhaltenstherapie<br><strong>09\/2016-10\/2017:<\/strong> Wissenschaftlicher Mitarbeiter am Lehrstuhl f\u00fcr Gesundheitspsychologie an der Jacobs-University Bremen<br><strong>05\/2014-10\/2018:<\/strong> Ausbildung zum psychologischen Psychotherapeuten am Institut f\u00fcr psychologische Psychotherapie (IPP), Fachrichtung Verhaltenstherapie<br><strong>10\/2012-04\/2015<\/strong>: Masterstudium in klinischer Psychologie an der Universit\u00e4t Bremen mit dem Abschluss Master of Science (M.Sc.)<br><strong>09\/2009-04\/2012:<\/strong> Bachelorstudium in Psychologie an der Reichsuniversit\u00e4t Groningen, Abschluss Bachelor of Science (B.Sc.) \n<\/div>\n\n\n\n<h4 class=\"collapseomatic \" id=\"id69f09fa76b8ca\"  tabindex=\"0\" title=\"Ver\u00f6ffentlichungen\"    >Ver\u00f6ffentlichungen<\/h4><div id=\"target-id69f09fa76b8ca\" class=\"collapseomatic_content \">\n<p><ul><li>Lippke, S., Zschucke, E., Steinkopf, J., &amp; Hessel, A. (2017). What motivates individuals with\ntime-limited reduced earning capability pension to return to work?\nBeitrag f\u00fcr den Kongress der europ\u00e4ischen Gesellschaft f\u00fcr Gesundheitspsychologie, Padua, Italien (29.8 &#8211; 2.9.2017). <\/li>\n<li>Steinkopf, J., Rost, E., Hessel, A., &amp; Lippke, S. (2017). Outcome expectancies and RTW\nmotivation. To what extend does age matter?\nBeitrag f\u00fcr den Kongress f\u00fcr Gesundheitspsychologie,\nUniversit\u00e4t Siegen (22.8 &#8211; 25.8.2017). <\/li> <li>Lippke, S. &amp; Steinkopf, J. (2018). Motivation f\u00fcr gesundheitsf\u00f6rderliches Verhalten. In M.\nWirtz, C. Kohlmann, &amp; C. Salewski (Hrsg.). Psychologie in der Gesundheitsf\u00f6rderung\n(S.99 &#8211; 111). G\u00f6ttingen: Hogrefe.<\/li><li>Steinkopf, J. (2018).\nGrundlagen der klinischen Psychologie II. Studienheft der Apollon\nHochschule der Gesundheitswirtschaft.<\/li><\/ul>\n<\/div>\n\n\n\n<h4 class=\"collapseomatic \" id=\"id69f09fa76b8d7\"  tabindex=\"0\" title=\"DBT-Therapie\"    >DBT-Therapie<\/h4><div id=\"target-id69f09fa76b8d7\" class=\"collapseomatic_content \">\n<p>  Die dialektisch-behaviorale Therapie (DBT) wurde von der amerikanischen Psychologin Marsha Linehan zur Behandlung der Borderline-Pers\u00f6nlichkeitsst\u00f6rung entwickelt. Hauptbestandteil der Therapie bildet die Arbeit am Umgang mit Gef\u00fchlen und Anspannungszust\u00e4nden. Des Weiteren schlie\u00dft die DBT-Therapie auch Therapie-Module zum Selbstwert und zwischenmenschlichen Fertigkeiten mit ein. Ich habe Kurse \u00fcber die DBT-Behandlung belegt. W\u00e4hrend meiner T\u00e4tigkeit im Klinikum Rotenburg habe ich auf einer DBT-angelehnten Station gearbeitet. Derzeit befinde ich mich in den letzten Z\u00fcgen meiner Ausbildung zum DBT-Therapeuten. <\/div>\n","protected":false},"excerpt":{"rendered":"","protected":false},"author":1,"featured_media":74,"parent":0,"menu_order":0,"comment_status":"closed","ping_status":"closed","template":"","meta":[],"_links":{"self":[{"href":"https:\/\/psychotherapie-steinkopf.de\/index.php?rest_route=\/wp\/v2\/pages\/31"}],"collection":[{"href":"https:\/\/psychotherapie-steinkopf.de\/index.php?rest_route=\/wp\/v2\/pages"}],"about":[{"href":"https:\/\/psychotherapie-steinkopf.de\/index.php?rest_route=\/wp\/v2\/types\/page"}],"author":[{"embeddable":true,"href":"https:\/\/psychotherapie-steinkopf.de\/index.php?rest_route=\/wp\/v2\/users\/1"}],"replies":[{"embeddable":true,"href":"https:\/\/psychotherapie-steinkopf.de\/index.php?rest_route=%2Fwp%2Fv2%2Fcomments&post=31"}],"version-history":[{"count":35,"href":"https:\/\/psychotherapie-steinkopf.de\/index.php?rest_route=\/wp\/v2\/pages\/31\/revisions"}],"predecessor-version":[{"id":306,"href":"https:\/\/psychotherapie-steinkopf.de\/index.php?rest_route=\/wp\/v2\/pages\/31\/revisions\/306"}],"wp:featuredmedia":[{"embeddable":true,"href":"https:\/\/psychotherapie-steinkopf.de\/index.php?rest_route=\/wp\/v2\/media\/74"}],"wp:attachment":[{"href":"https:\/\/psychotherapie-steinkopf.de\/index.php?rest_route=%2Fwp%2Fv2%2Fmedia&parent=31"}],"curies":[{"name":"wp","href":"https:\/\/api.w.org\/{rel}","templated":true}]}}